of b and 8?
1
Let t be 1020/24*(-48)/(-15). Let h be ((-10)/3 - -1)*-3. Suppose 68 = h*c - 3*c. What is the greatest common divisor of t and c?
17
Suppose 4*u = 3*x - 17 + 41, 5*u = x + 30. Let g = -2 + 4. Suppose g*a = 7*a - 15. What is the highest common divisor of a and u?
3
Suppose 0 = 2*t - 0*t + 2. Let o = 6 - t. Let l = -109 + 165. Calculate the highest common divisor of l and o.
7
Let c = 111 + -75. What is the highest common factor of 828 and c?
36
Suppose -14*a + 345 = 9*a. Let m = -8 + 23. Calculate the greatest common factor of a and m.
15
Let z be (-86)/903 + (-45866)/(-21). What is the highest common divisor of 208 and z?
104
Let m(b) = -188*b - 36. Let i be m(-3). Calculate the greatest common divisor of 24 and i.
24
Suppose -3*c - 2*b + 11 = 0, 0 = -3*c + 3*b - 2*b + 17. Let v(f) = f**3 - 3*f**2 - 8*f + 3. Let t be v(c). What is the highest common factor of t and 39?
13
Let i be 5 - (-7)/(-1 - -8). What is the greatest common divisor of i and 54?
6
Suppose 25 + 115 = 2*q + 4*g, 0 = -4*q - g + 280. Suppose -q = n - 340. What is the greatest common divisor of 30 and n?
30
Let q(f) be the first derivative of 2*f**3/3 + 3*f**2/2 - 2*f + 30. Let a be q(2). Calculate the highest common divisor of 132 and a.
12
Let i = 20 - 18. Suppose 0*o - 189 = 5*m - o, i*m - 4*o = -72. Let u = 62 + m. Calculate the greatest common factor of u and 3.
3
Suppose -27*o + 2706 = -5*o. What is the greatest common factor of o and 41?
41
Let s = -1316 - -1332. What is the highest common divisor of s and 976?
16
Let g = 57 - 62. Let h = g + 69. What is the greatest common divisor of 16 and h?
16
Let t = -171 + 34. Let j be (-2)/8 - t/4. Calculate the highest common divisor of 306 and j.
34
Let s(l) = -16*l + 12. Let k be s(-4). Calculate the highest common factor of k and 266.
38
Let n = -37 + 7. Let o be (n/4)/((-3)/6). What is the highest common factor of o and 135?
15
Suppose 5*p - 3*w - 93 = 0, 5*p - 157 + 44 = -2*w. What is the highest common divisor of 231 and p?
21
Suppose -4 = -2*r + 3*h - 2, -27 = -r - 5*h. Let l = -37 + 37. Suppose -6*g + 8 - 2 = l. Calculate the greatest common factor of g and r.
1
Let g = 28 + -8. Let p(m) = 9*m - 13. Suppose -3*i = -7*i + 28. Let h be p(i). What is the highest common divisor of h and g?
10
Let g(r) = 10*r - 1. Let l be g(2). Suppose 0 = 3*p - 17 - l. Suppose -p = -4*w - 0*w. Calculate the greatest common factor of w and 24.
3
Let s(y) = y**2 + 3*y - 1. Let r be s(3). Let m be 86 + 10/(-8) + (-3)/(-12). Calculate the highest common factor of r and m.
17
Let u(l) = 5*l**3 + 4*l - 3. Let d be u(3). Calculate the highest common divisor of 16 and d.
16
Suppose -p + 14 = 2*x, p + x + 3 - 20 = 0. Let i = 100 - 60. What is the greatest common factor of i and p?
20
Let l(k) = 0*k + 5*k**2 + k + 0*k**2. Let p be l(-1). Suppose b + p*b - 55 = 5*y, -36 = -4*b + 2*y. Calculate the highest common divisor of b and 28.
7
Let u(p) be the first derivative of 3/2*p**2 + p + 2. Let o be u(7). What is the highest common divisor of o and 198?
22
Let a(y) = y**3 - 28*y**2 + 27*y + 30. Let j be a(27). Let f be (498/(-5) + (-12)/j)/(-2). What is the greatest common divisor of f and 75?
25
Let c be (-106)/(-1643) - (-14688)/93. Calculate the highest common factor of 237 and c.
79
Let t be (-12)/(-5)*8*5. Suppose 7*j - 5*i + 98 = 9*j, -4*j + 226 = 5*i. What is the greatest common factor of t and j?
32
Let w be 2/15 + (5 - (-231)/(-45)). Suppose -n - 9 = -3*h, 6*h - 2*h + 3*n - 25 = w. What is the highest common divisor of 1 and h?
1
Let r be (-2 + -1)*2/2. Let c be r/(-1) + (-14 - -16). What is the greatest common factor of 45 and c?
5
Let a(g) = -10*g - 2. Let m be a(-4). Calculate the greatest common divisor of m and 38.
38
Let j be (6/15)/((-13)/(-1105)). Let m be (-168)/(-10) - 2/(-10). Calculate the greatest common divisor of j and m.
17
Suppose 0 = -7*z + 8*z + 5*s - 60, 4*z = 2*s + 130. Let a be (5/10)/((-1)/(-14)). Calculate the highest common divisor of z and a.
7
Let b(a) = a**2 + 13*a + 6. Let m be b(-14). Let k be 2 - 3/2*2. Let u = 3 - k. Calculate the highest common factor of m and u.
4
Suppose 2*b - 42 = -4*b. Suppose -b*j = 3*j - 110. What is the highest common factor of 22 and j?
11
Let x(i) = i**3 + 17*i**2 + 20*i + 28. Let s(f) = -f**2 + f + 1. Let r(u) = -2*s(u) + x(u). Let a be r(-18). What is the greatest common divisor of 39 and a?
13
Let i be 3584 - (-3 - (-2 - 1)). Suppose i = 2*j + 2*j. Let m be (-4)/22 - j/(-88). What is the highest common factor of 10 and m?
10
Suppose -n - 1 = -8. Let w(i) = i**2 + i + 2. Let x be w(-2). Let t be n/(14/20) - x. What is the greatest common factor of 3 and t?
3
Let n = 539 - 403. Calculate the highest common factor of n and 40.
8
Let u be (-4)/(-3) + 560/3. What is the greatest common factor of u and 893?
47
Let w be -6 - -8 - (-2 + -1). Calculate the highest common factor of 80 and w.
5
Suppose -15*q + 35 + 10 = 0. Suppose q*b = 5*v - 113, 52 = v + 5*b + 7. Calculate the greatest common factor of v and 25.
25
Suppose 0 = 12*o - 832 - 1184. Calculate the greatest common divisor of o and 567.
21
Let b(r) = -7*r - r**2 - 3 + 8*r - 9*r - 5. Let d be b(-5). Let i(s) = -s**2 - 6*s + 8. Let z be i(-7). Calculate the highest common divisor of d and z.
1
Suppose -2*c + 4*m = 26, -5*c + 0*m - 32 = m. Let g = -29 - -21. Let b = c - g. What is the greatest common divisor of b and 11?
1
Let q = 3 - -2. Let v(w) = -62*w - 610. Let r be v(-10). What is the greatest common factor of q and r?
5
Let v be 676/65*(-20)/(-2). Suppose 5*i - v = -4. What is the highest common factor of i and 4?
4
Let w be ((-3)/6)/((-2)/96). Suppose l + 15048 = 58*l. Calculate the greatest common divisor of l and w.
24
Let l be (-9)/(-18) - 15/(-10). Let y be 1/(-2)*-10 - 1. Suppose -8 = -y*z - 0*z. What is the greatest common divisor of l and z?
2
Let w be 153/36 - 1/4. Suppose 488 = 3*x - a, -x - w*a + 9*a = -186. What is the highest common factor of x and 23?
23
Let t(a) = 27*a + 96. Let j be t(-3). What is the greatest common factor of j and 480?
15
Let d(z) = 40*z**2 + 39*z - 1. Let g be d(-4). Calculate the highest common factor of 14 and g.
7
Let q(o) = -o + 5. Let b be q(0). Suppose -2*u + 32 = b*g, 10 = 2*g - 3*u + u. Suppose t = 22 + g. What is the greatest common divisor of 4 and t?
4
Suppose 0 = -c - 2*m + 53, 0*c + 4*c - m = 176. Let w = 52 - c. What is the greatest common factor of w and 56?
7
Let o(l) = 50*l + 4. Let w be o(3). Let h = 339 - 317. What is the highest common divisor of h and w?
22
Suppose 3*k - 6*k + 3 = 0. Let l(o) be the first derivative of o**2/2 - 3*o - 2. Let d be l(5). Calculate the highest common divisor of d and k.
1
Let l be ((-240)/(-14))/(1592/112 + -14). What is the highest common divisor of l and 32?
16
Suppose 0 = 5*w - 2*r + r - 69, 52 = 4*w - 4*r. Let b = w - 11. Let p be (3 + 3)*(-4)/(-12). What is the greatest common factor of b and p?
1
Suppose 0 = -2*z - a + 370, 0 = -21*z + 17*z + 5*a + 740. What is the highest common divisor of 74 and z?
37
Let k(u) = -2*u**3 - 2*u**2 + 7*u + 17. Let x be k(-7). What is the greatest common factor of 4 and x?
4
Suppose -4*c = -q - 12, 3*q - 2*c - c = 9. Calculate the greatest common factor of 200 and q.
8
Suppose -5*a - 5*q + 190 = 0, -52*a = -47*a + 4*q - 192. Calculate the highest common factor of 30 and a.
10
Let j(t) = 68*t - 28. Let h be j(5). What is the greatest common factor of 12 and h?
12
Let x = 261 - -217. Let w be x/4 - (-5)/10. Calculate the greatest common divisor of w and 15.
15
Let h = -6 - -9. Suppose 3*w + h*m - 43 = w, 5*m = 5*w - 120. Suppose 12*k - 6*k = 1242. Calculate the highest common factor of k and w.
23
Suppose 2*v + 17 = -5*g, 30 = -5*g - 5*v + 10. Let d be 6 - g - 2 - -1. Suppose -7*f = -11*f + 224. What is the highest common factor of f and d?
8
Let v(r) be the first derivative of r**2/2 + 5*r + 9. Let m be v(7). Let f be 1266/15 + 4/(-10). What is the greatest common divisor of f and m?
12
Let i be (0 + 1 + -3)/(-2). Calculate the highest common divisor of 37 and i.
1
Suppose h - 3*n + 10 = 2*h, -2*n = 4*h - 70. Let c = 30 - h. Calculate the highest common divisor of c and 44.
11
Suppose -1240 = -22*d + 344. What is the greatest common divisor of 180 and d?
36
Let p(k) = k + 6*k - 5 - 3*k. Let 